 the tens digit of 858032?
3
What is the ten thousands digit of 14527036?
2
What is the hundred thousands digit of 952760?
9
What is the thousands digit of 642405?
2
What is the tens digit of 388015?
1
What is the units digit of 3867984?
4
What is the units digit of 1632925?
5
What is the thousands digit of 574648?
4
What is the thousands digit of 9572518?
2
What is the thousands digit of 614933?
4
What is the units digit of 659144?
4
What is the ten thousands digit of 2556340?
5
What is the millions digit of 1814982?
1
What is the units digit of 650121?
1
What is the hundred thousands digit of 3387766?
3
What is the hundred thousands digit of 2379812?
3
What is the thousands digit of 10593561?
3
What is the units digit of 4666493?
3
What is the thousands digit of 218386?
8
What is the millions digit of 1227871?
1
What is the tens digit of 1390567?
6
What is the hundreds digit of 184013?
0
What is the ten thousands digit of 6810324?
1
What is the hundred thousands digit of 2177672?
1
What is the hundred thousands digit of 10757316?
7
What is the units digit of 240238?
8
What is the ten thousands digit of 753594?
5
What is the units digit of 4882825?
5
What is the thousands digit of 1567360?
7
What is the ten thousands digit of 354636?
5
What is the millions digit of 4138744?
4
What is the thousands digit of 196055?
6
What is the units digit of 25254779?
9
What is the thousands digit of 1098293?
8
What is the hundreds digit of 10686207?
2
What is the millions digit of 4213185?
4
What is the hundreds digit of 89180?
1
What is the tens digit of 50391?
9
What is the units digit of 3246881?
1
What is the hundred thousands digit of 276007?
2
What is the ten thousands digit of 7031836?
3
What is the units digit of 9161394?
4
What is the hundreds digit of 494446?
4
What is the ten thousands digit of 741079?
4
What is the ten thousands digit of 1857042?
5
What is the ten millions digit of 17265555?
1
What is the thousands digit of 16338667?
8
What is the hundred thousands digit of 147005?
1
What is the units digit of 15301?
1
What is the ten thousands digit of 597327?
9
What is the units digit of 6042837?
7
What is the tens digit of 2840143?
4
What is the thousands digit of 475164?
5
What is the ten thousands digit of 193435?
9
What is the units digit of 18785439?
9
What is the tens digit of 13866937?
3
What is the hundred thousands digit of 923782?
9
What is the thousands digit of 57224?
7
What is the millions digit of 7169507?
7
What is the thousands digit of 568950?
8
What is the tens digit of 37400283?
8
What is the hundreds digit of 4542810?
8
What is the tens digit of 1175873?
7
What is the ten thousands digit of 93879?
9
What is the thousands digit of 11390?
1
What is the tens digit of 3020068?
6
What is the units digit of 490969?
9
What is the hundreds digit of 161389?
3
What is the hundred thousands digit of 16559956?
5
What is the units digit of 2042582?
2
What is the hundreds digit of 10781?
7
What is the thousands digit of 8798?
8
What is the thousands digit of 730871?
0
What is the millions digit of 2811913?
2
What is the thousands digit of 633656?
3
What is the millions digit of 1606709?
1
What is the ten thousands digit of 8713714?
1
What is the millions digit of 2346317?
2
What is the hundreds digit of 515844?
8
What is the thousands digit of 2743964?
3
What is the hundreds digit of 1352954?
9
What is the units digit of 3061748?
8
What is the hundred thousands digit of 5405871?
4
What is the tens digit of 1922293?
9
What is the hundred thousands digit of 217726?
2
What is the hundred thousands digit of 150796?
1
What is the ten thousands digit of 265755?
6
What is the hundreds digit of 152522?
5
What is the units digit of 3207?
7
What is the thousands digit of 9714658?
4
What is the hundred thousands digit of 257690?
2
What is the tens digit of 105587?
8
What is the units digit of 42421?
1
What is the units digit of 186654?
4
What is the hundreds digit of 42759?
7
What is the millions digit of 15011599?
5
What is the tens digit of 5043591?
9
What is the ten thousands digit of 220764?
2
What is the hundred thousands digit of 1945843?
9
What is the ten thousands digit of 2574685?
7
What is the thousands digit of 15150?
5
What is the thousands digit of 13321069?
1
What is the hundreds digit of 1733932?
9
What is the hundreds digit of 71647?
6
What is the units digit of 836437?
7
What is the units digit of 3709280?
0
What is the hundreds digit of 342682?
6
What is the thousands digit of 394598?
4
What is the hundred thousands digit of 2995183?
9
What is the tens digit of 4266578?
7
What is the thousands digit of 23284?
3
What is the ten thousands digit of 608505?
0
What is the hundreds digit of 1119608?
6
What is the hundreds digit of 855999?
9
What is the tens digit of 5147938?
3
What is the tens digit of 101175?
7
What is the ten thousands digit of 4259955?
5
What is the ten thousands digit of 894158?
9
What is the thousands digit of 22963475?
3
What is the thousands digit of 435701?
5
What is the thousands digit of 26369853?
9
What is the hundred thousands digit of 14633648?
6
What is the tens digit of 11385261?
6
What is the ten thousands digit of 201738?
0
What is the tens digit of 543411?
1
What is the thousands digit of 7999386?
9
What is the ten thousands digit of 201476?
0
What is the tens digit of 13723232?
3
What is the thousands digit of 9614755?
4
What is the hundred thousands digit of 132728?
1
What is the millions digit of 2264067?
2
What is the hundreds digit of 962873?
8
What is the hundred thousands digit of 1579971?
5
What is the tens digit of 918079?
7
What is the millions digit of 3420235?
3
What is the hundred thousands digit of 395555?
3
What is the hundreds digit of 2877181?
1
What is the ten thousands digit of 2285638?
8
What is the thousands digit of 365321?
5
What is the thousands digit of 2592217?
2
What is the units digit of 736699?
9
What is the thousands digit of 388172?
8
What is the hundreds digit of 1937933?
9
What is the units digit of 424514?
4
What is the hundred thousands digit of 760085?
7
What is the units digit of 888640?
0
What is the millions digit of 4249901?
4
What is the tens digit of 49708?
0
What is the tens digit of 13989038?
3
What is the hundreds digit of 1208137?
1
What is the tens digit of 197880?
8
What is the tens digit of 5352250?
5
What is the ten thousands digit of 1218863?
1
What is the millions digit of 1893390?
1
What is the millions digit of 2516711?
2
What is the hundred thousands digit of 8405617?
4
What is the hundred thousands digit of 5646739?
6
What is the thousands digit of 312412?
2
What is the ten thousands digit of 22184569?
8
What is the hundred thousands digit of 344634?
3
What is the hundred thousands digit of 859635?
8
What is the thousands digit of 3920068?
0
What is the millions digit of 17582157?
7
What is the units digit of 2382029?
9
What is the millions digit of 1243879?
1
What is the tens digit of 2097952?
5
What is the ten thousands digit of 2261750?
6
What is the hundreds digit of 342252?
2
What is the units digit of 798270?
0
What is the tens digit of 441633?
3
What is the units digit of 164903?
3
What is the units digit of 22274929?
9
What is the thousands digit of 3460998?
0
What is the hundreds digit of 2268885?
8
What is the hundred thousands digit of 167127?
1
What is the ten thousands digit of 17881822?
8
What is the hundred thousands digit of 2646313?
6
What is the hundred thousands digit of 327810?
3
What is the tens digit of 3193992?
9
What is the hundreds digit of 1780537?
5
What is the tens digit of 34890?
9
What is the thousands digit of 190818?
0
What is the hundreds digit of 233768?
7
What is the units digit of 766369?
9
What is the tens digit of 770903?
0
What is the ten thousands digit of 10362349?
6
What is the hundred thousands digit of 547510?
5
What is the hundred thousands digit of 432259?
4
What is the ten thousands digit of 1115397?
1
What is the thousands digit of 254328?
4
What is the hundreds digit of 1578432?
4
What is the tens digit of 8346567?
6
What is the tens digit of 22519?
1
What is the hundreds digit of 505926?
9
What is the units digit of 106643?
3
What is the hundred thousands digit of 407010?
4
What is the ten tho